3. Is j a prime number?
False
Suppose -u - 2 = 1, -5*b - 14 = 3*u. Let d be b + (3 + -2)/(-1). Is (-134)/(-1)*d/(-4) a prime number?
True
Let f be 20/8*(0 - -2). Suppose h + k = 86, f*k + 5 = -0. Is h a composite number?
True
Let z = -11 + 10. Is -2*(z - 294/4) composite?
False
Suppose n + 0*n = 0, -30 = 3*d + n. Let t be (-8)/20*d/2. Suppose -p - 6*g = -3*g - 52, -t*p + 118 = -g. Is p prime?
False
Let h(g) = -5*g**3 + 3 + 10*g**2 + 5*g**3 - g**3. Let v be h(10). Suppose 32 = s + 3*b, -v*s + 0*s = 4*b - 81. Is s prime?
True
Let r(a) = 73*a**2 - 2*a + 8. Is r(3) prime?
True
Suppose 0 = k - 4*l + 2*l + 5, 6 = 2*l. Let d be (-65 + k)/((-1)/(-2)). Let w = -91 - d. Is w prime?
True
Suppose -4*m - 5458 = 2*i - 19024, 16935 = 5*m - 2*i. Is m composite?
False
Suppose -1 = d - 75. Suppose 0*m - m = -d. Is m a prime number?
False
Let z = -25 + 60. Suppose r - z = -1. Is r a composite number?
True
Suppose -4*p = 0, 2*q - 6 = -p - p. Let w be ((-140)/(-21))/(2/3). Suppose 0 = q*c - w - 11. Is c a prime number?
True
Let p(b) = 1 - 8*b - b**2 + 1 - 3. Is p(-7) prime?
False
Let d = 36 - 26. Suppose 7*h + d = 2*h, t - 71 = -4*h. Is t composite?
False
Let l be 535/(-15) + (-1)/3. Let u = 6 - l. Suppose a = -2*g + u - 3, 3*g + 15 = 0. Is a prime?
False
Let k = -9 + 13. Is 251 - (0/(-3))/k prime?
True
Let p = 26 - 18. Suppose 2*b - p = -h + b, 16 = 5*h - b. Suppose -a = -h*a + 93. Is a composite?
False
Let w = 283 + -140. Is w a composite number?
True
Let s(a) = 350*a - 7. Is s(3) a prime number?
False
Suppose -2*m - 4 = -0*m. Let g(u) = -169*u + 3. Is g(m) prime?
False
Suppose -4*g + 10 = 5*m + 3, -2*g = 4*m - 8. Suppose -m*t - t = -3*p + 32, 0 = 2*p + 2*t + 2. Is p/(-20) - (-372)/10 composite?
False
Let v = -339 + 860. Is v composite?
False
Let g = -424 - -1055. Is g prime?
True
Let k(d) = 2*d**2 + 3*d - 3. Let n be k(-3). Suppose -2*f = -2*o + 70, -4*o + 2*f + 5 = -125. Suppose n*l = l + o. Is l composite?
True
Is (227 - 16) + (-8)/(-2) composite?
True
Let i = -114 + 50. Suppose 0 = 7*s - 2*s + 3*r + 65, -4*r = -s - 13. Let x = s - i. Is x prime?
False
Is 2*-1 - 1/3*-2253 a prime number?
False
Is 1823/2*(0 + 2) composite?
False
Let c(a) = 2*a - 1. Let h be c(-1). Let r = 2 - h. Suppose r*w - w = 508. Is w prime?
True
Suppose 0 = -f - 5*h + 409, 5*h - 1227 = 4*f - 7*f. Is f a composite number?
False
Let c = -14 - -49. Is c a prime number?
False
Suppose -5*s + 8 = -77. Suppose 12*u = s*u - 1115. Is u a prime number?
True
Suppose 0*f = -4*c - f + 381, -c + 94 = -f. Suppose -k + c = 4*k. Is k a composite number?
False
Let u(z) = 3*z**2 - 4*z + 4. Is u(9) prime?
True
Suppose -2*z + 14 = 4*y, -2*y + 40 = 5*z + 13. Let p = -8 + y. Let m(u) = -u**2 - 7*u + 3. Is m(p) prime?
True
Suppose -2*v + 4*v - 4 = 0. Let c = -423 - -655. Suppose x - c = -4*t, -v*t = -t - 5*x - 79. Is t composite?
False
Suppose 6*z = -1056 + 9366. Is z composite?
True
Suppose -4*v = -2*u - 2358, -5*u - 2373 = -18*v + 14*v. Is v a composite number?
False
Let f(s) = -58*s + 7. Is f(-7) a prime number?
False
Let j(d) = -d**2 - 9*d + 5. Let s be j(-9). Let k(v) = v**3 - 4*v**2 - 5*v - 3. Let q be k(s). Is ((894/(-2))/q)/1 a composite number?
False
Let z = 32 + -71. Suppose 4*d + 9 = s, -d - 3*s - 1 = -2. Is z/d + (-1)/2 prime?
True
Let n(b) = -42*b**3 + 2*b - 1. Suppose -2*m + 0*m - 6 = 5*s, -5*m = s - 8. Is n(s) prime?
True
Suppose -a = -5*a + 596. Is a prime?
True
Let q(t) = -8*t**2 + 2*t - 3. Let h be q(-3). Let u = h + 27. Let x = -31 - u. Is x prime?
True
Suppose -t + 0*t = 5, 4*f - 177 = 5*t. Let p = -36 - -52. Let r = f - p. Is r a composite number?
True
Let q(y) = y**3 - 3*y**2 - 3. Let p = -8 - -11. Let z = p - -1. Is q(z) a prime number?
True
Suppose -98 - 376 = -3*z - 4*w, -2*w = -2*z + 302. Suppose 0 = -v - v + z. Is v composite?
True
Suppose 2 = -2*i + 14. Suppose 0 = -i*b + 3*b + 609. Is b a prime number?
False
Let m(a) = -9*a**2 - 3*a + 2. Let x be m(3). Suppose 5*g - 1167 = 558. Let o = g + x. Is o a prime number?
True
Is (0/(-3) + -1)*-79 composite?
False
Let w(h) = h**3 - 2*h**2 + 2*h - 1. Let x be w(2). Let r(p) = 8*p**3 - 3*p**2 - 2*p + 4. Is r(x) a prime number?
False
Let a(f) be the second derivative of f + 1/3*f**3 + 1/2*f**2 + 0. Is a(7) a prime number?
False
Let i = -19 - -22. Is i a composite number?
False
Suppose 7*x = 3*x + 12. Is 1696/12 + 2/x prime?
False
Suppose -v + 452 = -0*v. Suppose 0 = -3*l - l + v. Is l prime?
True
Suppose -5*h - 2 - 3 = 0. Is h/(-4) - 3225/(-12) a composite number?
False
Let o(b) = b - 1. Let t be o(0). Let i be (-54)/((-6)/2) - t. Suppose 4*h - 3*h = i. Is h composite?
False
Suppose 7*v + 8*v - 10155 = 0. Is v composite?
False
Let a(u) = -37*u**3 + 4*u**2 + 5*u + 5. Is a(-2) a composite number?
False
Let t(j) = -3*j**3 - 3*j + 3 - 4*j**2 + 0*j**3 + 0*j. Is t(-5) prime?
True
Let d(l) be the first derivative of l**2 - l - 14*l**2 + 0 + 4 - 3*l**2. Is d(-4) composite?
False
Suppose -43 = -c + 2*c + 5*i, 3*c + 3*i = -93. Let d = c - -323. Is d prime?
False
Suppose -5*b = -2*a - 4293, -2*b - 3*a + 1722 = a. Is b prime?
True
Suppose -5 - 87 = -2*i. Suppose 3*w + 15 + i = g, -3*w + 140 = 2*g. Is g a composite number?
False
Let h be 0 + -5*(-2 + 1). Suppose -3*g + 346 = -h*y - 66, -4*y = -3*g + 410. Suppose -2*v - g = -4*v. Is v a prime number?
True
Is 1970 - (1 - -2)*-1 prime?
True
Let o(r) be the third derivative of -r**5/60 - r**4/8 + 7*r**3/6 - r**2. Let x(v) = -v**2 - v + 1. Let i(q) = o(q) - 2*x(q). Is i(7) composite?
False
Let j = 25 + -24. Suppose z - a = -2*z + 32, -3*z + 2*a = -31. Is z + 1 + -2 + j composite?
False
Let q(n) = 2*n - 3. Let s be q(4). Suppose 2*o = -4*f + 458, 0 = -0*o + 2*o + s*f - 462. Is o a composite number?
True
Let p(l) = l**3 - 4*l**2 + 2*l - 5. Suppose 11 = 5*h - 9. Is p(h) a prime number?
True
Suppose 4*h - 2633 - 3915 = 0. Is h composite?
False
Let p be 293 + 1 - (7 + -4). Suppose -5*x + 3*z + 56 + 251 = 0, -z = 5*x - p. Is x a prime number?
True
Let s = 1006 - 515. Is s prime?
True
Let h(b) = b**3 - 4*b**2 - 4*b + 5. Let m be h(6). Let p = m + -38. Is p composite?
True
Let r(s) = 2*s**2 + 16*s + 13. Suppose 0 = 4*g - 32 - 16. Is r(g) a prime number?
False
Let o(r) = r + 1. Let m be 3/3*(-5)/(-1). Suppose m*w - 12 = 18. Is o(w) composite?
False
Let b(s) = -s**3 + 2*s**2 + 4*s + 2. Let c be b(4). Let g be (-7)/(c/136) - 0. Let a = 15 + g. Is a a composite number?
False
Suppose 2*q - 4 = 3*z, -2*q + 6 = z + 2. Suppose 0 = 2*f + 4*v - 78, z = 3*v + 2 + 4. Is f a composite number?
False
Let p(o) = 50*o + 15. Is p(11) a prime number?
False
Suppose 2*r - 907 = 3*x, -7*r + 3*x + 1805 = -3*r. Is r a composite number?
False
Suppose -12 = -b + 3*i, 4*b + i - 3 = 4*i. Let j(x) = -x + 2. Let g be j(b). Suppose 2*z - 60 - 28 = g*l, -115 = -3*z - l. Is z a composite number?
True
Is (28/(-35) - 0) + (-639)/(-5) composite?
False
Suppose 4*r - 54 = 2*r. Suppose t = 50 + r. Is t composite?
True
Let t(y) = y - 9. Let m be t(10). Is 5144/20 - m/5 composite?
False
Let h be 0/(-1) - (4 - 6). Suppose 0 = -0*k + h*k + g - 43, 25 = 5*g. Is k composite?
False
Let x = 173 - -47. Suppose -3*t + 131 = 4*r - x, 0 = -t + 3*r + 104. Is t a prime number?
True
Let b(q) = 0*q - 5 - q + 1. Let z be b(-6). Suppose 3*g - t = -2*g + 31, -z*t - 32 = -5*g. Is g prime?
False
Let x(b) be the third derivative of b**6/120 + 2*b**5/15 - b**4/8 + 7*b**3/6 - 4*b**2. Suppose 0 = -7*t + 2*t + 2*l - 24, 5*t + 5*l = -45. Is x(t) prime?
True
Let h(b) = 15*b**2 - 34*b - 9. Is h(8) composite?
True
Let l be ((-10)/(-2))/((-3)/(-3513)). Suppose 5*p + 0*p = l. Is p a prime number?
True
Suppose 20 = -3*k + 164. Let o be ((-12)/6)/(2/k). Let h = 85 + o. Is h composite?
False
Suppose 3*u = 2*u. Suppose 2*x = u, 4*m + m + x - 725 = 0. Is m composite?
True
Let w = -1040 + 2677. Is w prime?
True
Suppose 3*h - o - 9 = 0, -h + 6*h - 35 = -5*o. Suppose -5 = 3*q - 5*k, -4*k + 6*k = -h*q + 2. Is (q - (2 + 35))/(-1) prime?
True
Suppose y - 5 + 1 = 0. Let f(n) = 19*n**2 + 3*n - 2. Is f(y) a prime number?
False
Let y be (-2 - (2 - 3)) + 4. Suppose y*f - 105 = -36. Let q = 3 + f. Is q composite?
True
Let p(g) = 35*g - 4. Is p(10) a prime number?
False
Let u(t) = 3*t**2 - 14*t + 4. Is u(-5) a prime number?
True
Let z(o) = 50*o**2 + 9*o + 2. Let k be z(7). Suppose -3*p - k = -8*p. Is p